462 and i?
42
Suppose -2*g + 5*g = 33. Suppose 0 = -j + 6*j - p - 3, -3*j + 2*p - 1 = 0. Calculate the greatest common factor of g and j.
1
Let p(s) = -s + 40. Let z be p(-24). Let t = 94 - z. Let c be (272 + -2)*(0 - -1). What is the highest common divisor of c and t?
30
Let n(s) = -s**3 - 15*s**2 - 32*s - 50. Let h be n(-13). What is the highest common factor of h and 84?
28
Let b(o) = 13*o - 32. Let q be b(6). Calculate the greatest common factor of q and 230.
46
Suppose -h = -5*h + 2*f - 10, -4*h = 4*f - 20. Let y(a) = -a**2 - a + 96. Let b be y(h). What is the highest common divisor of 12 and b?
12
Let z = -68 - -83. What is the greatest common divisor of 705 and z?
15
Let r be (-14)/(-7) + 33*1/3. What is the greatest common divisor of r and 481?
13
Let s(p) = -p**2 + 5*p - 1. Let o be s(2). Suppose -u - 3*k + 31 = -2*u, 123 = -o*u - k. Let y = 80 + u. Calculate the highest common divisor of 5 and y.
5
Suppose 3*y - 3*b = b + 51, -b = 3. Suppose 25 = 3*p + y. Suppose o - 5 = -p. Calculate the highest common divisor of 1 and o.
1
Let y be (-1 + 1)/(1 + -3). Suppose -8 = a + 8*f - 5*f, y = -5*a + 5*f + 20. Let p be 3/15*25*(-14)/(-10). What is the greatest common divisor of p and a?
1
Let b = 13 - 1. Let q be 2139/12 + (-1)/4. Suppose -70 = v - q. What is the highest common factor of b and v?
12
Let n(g) = -g**2 - 2*g + 176. Let i be n(0). Let r = 164 - 120. Calculate the highest common divisor of r and i.
44
Let c be (174/(-30) - (-2)/(-10))*1. Let g(o) = -2*o**3 - 9*o**2 - 10*o - 15. Let q be g(c). What is the highest common factor of q and 17?
17
Let b be (48 + 24)/((-3)/(-4)). Let u = -76 + b. What is the greatest common divisor of u and 5?
5
Suppose -2*n - 3*n + 1820 = 0. Let h = n + -212. Suppose -2*c = -37 - 1. Calculate the greatest common divisor of h and c.
19
Let g be (3/1)/((-140)/(-36) - 4). Let i = -24 - g. What is the greatest common divisor of i and 27?
3
Let d(w) = -17*w**3 - w**2 + 5*w + 3. Let v be d(-2). Let r = v + -92. Calculate the highest common divisor of r and 33.
33
Let s be 1*(2 - (9 - 2)). Let t(v) = -4*v - 4. Let m be t(s). Suppose -5*y + m + 44 = 0. What is the greatest common factor of y and 48?
12
Suppose 3114 = -37*a + 13992. What is the highest common divisor of a and 6?
6
Let v(f) = -24*f + 36. Let o be v(-4). Let y be -2 + 1 + 26/2. Calculate the highest common divisor of o and y.
12
Let b be ((-2)/8)/((2 - -5)/(-140)). Calculate the highest common factor of 3 and b.
1
Let q(v) = -2*v**3 - 18*v**2 - v + 4. Let t be 332/(-36) - (-1 - 7/(-9)). Let r be q(t). Suppose 2*g = g + 143. Calculate the highest common divisor of g and r.
13
Let f(d) = 7*d**3 - 13*d + 13*d**2 + 19 + 12*d**3 - 20*d**3. Let s be f(12). Calculate the greatest common factor of 21 and s.
7
Let i(v) = v**3 - 7*v**2 - 5*v + 9. Let b be i(7). Let l = 84 - b. Let g = -56 + l. Calculate the greatest common factor of 6 and g.
6
Suppose 7*a - 2*a = 1485. What is the greatest common divisor of 27 and a?
27
Suppose 0 = -5*j - 5 - 10. Let l be (-4)/j*15/10. Suppose 4*n - q - l*q = 86, -5*n = -q - 102. Calculate the greatest common divisor of n and 20.
20
Let f be 4 + (2 - 3) - 29. Suppose 5*s = 96 + 44. Let g = s + f. What is the greatest common divisor of g and 4?
2
Suppose -4*g - 6 - 2 = 0. Let n be g*(-9)/(-24) - 387/(-36). What is the highest common divisor of n and 5?
5
Let t be ((-18)/27)/((-4)/30). Let x be ((-6)/8)/((-3)/(-24)). Let o be 1/(-2)*((-12)/x + -52). What is the highest common factor of o and t?
5
Let d = 46 - 35. Let z = -13 - -16. Suppose -z*g - 2*x + 254 = 0, 2*x + 2 = -8. Calculate the highest common divisor of d and g.
11
Suppose -8*d = -11*d + 9. Let o(x) = 5*x**2 + 2 - x**d - x + 4*x + 5*x. Let f be o(6). Calculate the greatest common divisor of f and 84.
14
Let k = 62 + -48. Let b(u) = u**2 + 10 + 3*u - 13*u + 0*u**2 - 3*u. Let f be b(k). What is the highest common divisor of f and 168?
24
Let d(y) = -y**3 - 26*y**2 - 22*y + 85. Let u be d(-25). Calculate the greatest common divisor of u and 85.
5
Let a = 428 - -6. Calculate the highest common divisor of a and 14.
14
Let j(s) = -2*s**3 - 6*s + 24. Let z be j(0). Let h be (-2)/(-2) + -2 - -49. What is the greatest common divisor of h and z?
24
Let c be 5 + 4 - -8 - -1. What is the greatest common factor of c and 48?
6
Let m(x) = -2*x**2 + 16*x - 3. Let w be m(7). Let b be 56 + 1 - 12/6. Calculate the highest common divisor of b and w.
11
Suppose -12 = -4*j - 0. Let p(g) = g**2 + 53*g + 570. Let b be p(-14). What is the highest common factor of j and b?
3
Let a = 1382 + -1283. Let n be (66/3)/(2 + -1). Calculate the greatest common divisor of n and a.
11
Suppose 17*l - 2234 - 8374 = 0. Calculate the greatest common divisor of 48 and l.
48
Suppose -2*d = -5*o - 37, -d + 4*o + 40 = d. Suppose -33*v + 21 = -d*v. What is the greatest common divisor of 21 and v?
3
Suppose -3*p - 2*v = -257 + 69, 0 = -p + 5*v + 40. What is the greatest common divisor of 15 and p?
15
Let n(k) = -k**3 - 4*k**2 - 5*k - 3. Let g be n(-3). Let f be 18/(-27)*108/(-8). What is the highest common factor of g and f?
3
Suppose 25 = r - 5*b, -4*b + 3*b + 75 = 3*r. What is the greatest common factor of 5 and r?
5
Suppose 4*s + 0*s = 56. Let f(d) = d**2 + 13*d + 64. Let i be f(-16). Calculate the greatest common divisor of s and i.
14
Suppose -290 - 532 = -5*l + 2*w, 0 = -l + w + 165. Calculate the greatest common factor of l and 369.
41
Suppose 0 = j + 5*t - 23, -2*j - 2*t = -52 - 26. What is the highest common divisor of j and 1591?
43
Suppose -2*i = 89 - 93. Calculate the greatest common factor of i and 13.
1
Let o = -2 + 8. Suppose -o*t + 98 + 82 = 0. Calculate the highest common divisor of 12 and t.
6
Let n(s) = -s**2 + 13*s - 12. Let l be n(12). Suppose l = 7*x - 2*x - 10. Let t be (0 - 10*x)/(-1). What is the greatest common divisor of t and 30?
10
Let c = 13 - 15. Let h(w) = w**3 + 5*w**2 + w. Let v be h(c). What is the highest common divisor of v and 15?
5
Suppose -394 = -5*f + 6. Suppose 61 + 19 = 8*k. What is the highest common factor of f and k?
10
Let k(i) = i**3 + 8*i**2 + 12*i + 13. Let r be k(-6). Let z = r + 10. What is the highest common factor of z and 161?
23
Let p = 33 - 8. Suppose -l - 4*c + 36 = 0, -5*c + p = l - 16. Let a = 23 - l. What is the highest common divisor of 7 and a?
7
Let g be (8/(-3))/((-6)/9). Let z(w) = 4*w + 1. Let y be z(g). Let j be (-838)/(-10) - y/(-85). Calculate the highest common divisor of j and 12.
12
Let o be 2/(-6) + (-138)/(-9). Let z = -11 - -116. What is the greatest common factor of o and z?
15
Let g = -8 - -160. Calculate the highest common factor of 8 and g.
8
Let v(f) be the first derivative of -f**4/4 + f**3 + f**2 - 3*f + 5. Let s be v(-3). Calculate the greatest common factor of 90 and s.
45
Suppose -3*u - 2*q - 12 = -4*u, -3*q - 9 = 3*u. Suppose -u*m + 4*g - 4 = 0, -4*m + 5*g + 3 + 4 = 0. Calculate the highest common factor of 56 and m.
8
Let m be 10/(2*(-3)/(-36)). Calculate the greatest common divisor of m and 80.
20
Let m(g) = 2*g**2 - 44*g + 14. Suppose -h - 4*h + 95 = 5*x, 0 = -2*h + 2*x + 50. Let y be m(h). What is the greatest common divisor of 1 and y?
1
Suppose 0 = 3*q + 517 - 568. What is the highest common factor of q and 85?
17
Let w(g) = 154*g + 238. Let y be w(-1). Calculate the highest common factor of y and 48.
12
Let d = -134 + -86. Let m be (d/14)/(8/(-112)). Calculate the greatest common divisor of m and 20.
20
Suppose -l + 4 = 2. Suppose 11 = 5*b - 4*q, 5*b = -0*b + 3*q + 12. Suppose -f - 2 = -b. Calculate the highest common divisor of l and f.
1
Let q(g) be the first derivative of g**3/3 - 4*g - 29. Let m be q(-5). What is the highest common divisor of 1 and m?
1
Suppose -3*j + 3 = -9. Let w(h) = 2*h + 5*h - 3*h - 2*h. Let i be w(j). What is the greatest common divisor of i and 20?
4
Suppose -6 = 5*r - 36. Suppose c - r = 18. What is the greatest common factor of 120 and c?
24
Suppose -i = -4*d + 1774, -1266 = -2*d + 4*i - 386. Calculate the highest common factor of 24 and d.
12
Suppose -1424 = 719*p - 721*p. What is the highest common divisor of 89 and p?
89
Let r = -5 - -11. Suppose -2*l = -6*l - 8, 5*p - 2*l - 64 = 0. What is the greatest common divisor of r and p?
6
Let n = 74 + -71. Suppose n*u = -2*u + 60. What is 